{"id":25407,"date":"2020-09-16T05:09:49","date_gmt":"2020-09-16T05:09:49","guid":{"rendered":"http:\/\/camanducci.com.br\/?page_id=25407"},"modified":"2024-04-02T14:32:20","modified_gmt":"2024-04-02T17:32:20","slug":"home","status":"publish","type":"page","link":"https:\/\/camanducci.com.br\/","title":{"rendered":"Home"},"content":{"rendered":"\n<div class=\"wp-block-cover alignfull is-light\" style=\"min-height:399px;aspect-ratio:unset;\"><span aria-hidden=\"true\" class=\"wp-block-cover__background has-background-dim-90 has-background-dim wp-block-cover__gradient-background has-background-gradient\" style=\"background:linear-gradient(241deg,rgb(0,59,177) 0%,rgb(9,132,227) 100%)\"><\/span><img loading=\"lazy\" decoding=\"async\" width=\"1920\" height=\"1080\" class=\"wp-block-cover__image-background wp-image-24536\" alt=\"\" src=\"http:\/\/camanducci.com.br\/wp-content\/uploads\/2019\/06\/ld2.jpg\" data-object-fit=\"cover\" srcset=\"https:\/\/camanducci.com.br\/wp-content\/uploads\/2019\/06\/ld2.jpg 1920w, https:\/\/camanducci.com.br\/wp-content\/uploads\/2019\/06\/ld2-300x169.jpg 300w, https:\/\/camanducci.com.br\/wp-content\/uploads\/2019\/06\/ld2-1024x576.jpg 1024w, https:\/\/camanducci.com.br\/wp-content\/uploads\/2019\/06\/ld2-768x432.jpg 768w, https:\/\/camanducci.com.br\/wp-content\/uploads\/2019\/06\/ld2-1536x864.jpg 1536w\" sizes=\"auto, (max-width: 1920px) 100vw, 1920px\" \/><div class=\"wp-block-cover__inner-container is-layout-flow wp-block-cover-is-layout-flow\">\n<h1 class=\"wp-block-heading has-text-align-center has-white-color has-text-color\">Impulsione sua Transforma\u00e7\u00e3o Digital com Solu\u00e7\u00f5es DevOps e Cloud Personalizadas<\/h1>\n\n\n\n<p class=\"has-white-color has-text-color has-link-color wp-elements-f258d3deabddc4108af9c03937e24f79\">Na era digital, a agilidade e a efici\u00eancia operacional s\u00e3o fundamentais para manter a competitividade no mercado. \u00c9 a\u00ed que a Camanducci entra em cena, oferecendo solu\u00e7\u00f5es inovadoras em DevOps, Cloud e automa\u00e7\u00e3o para impulsionar o sucesso do seu neg\u00f3cio.<\/p>\n\n\n\n<p class=\"has-white-color has-text-color has-link-color wp-elements-8b3991f34d396f388a0fe28519e684e8\">Com uma equipe de especialistas altamente qualificados e uma vasta experi\u00eancia em grandes empresas como Mercado Livre, Bancolombia e Telefonica, estamos preparados para guiar sua jornada de transforma\u00e7\u00e3o digital.<\/p>\n\n\n\n<div class=\"wp-block-buttons is-horizontal is-content-justification-center is-layout-flex wp-container-core-buttons-is-layout-03627597 wp-block-buttons-is-layout-flex\">\n<div class=\"wp-block-button\"><a class=\"wp-block-button__link wp-element-button\" href=\"#\">Microsoft certified<\/a><\/div>\n<\/div>\n<\/div><\/div>\n\n\n\n<div class=\"wp-block-group alignfull has-white-background-color has-background is-layout-flow wp-block-group-is-layout-flow\">\n<div class=\"wp-block-columns alignwide are-vertically-aligned-center is-layout-flex wp-container-core-columns-is-layout-28f84493 wp-block-columns-is-layout-flex\">\n<div class=\"wp-block-column is-vertically-aligned-center is-layout-flow wp-block-column-is-layout-flow\">\n<div class=\"wp-block-group is-layout-flow wp-block-group-is-layout-flow\">\n<figure class=\"wp-block-image aligncenter size-large is-resized is-style-default\"><img loading=\"lazy\" decoding=\"async\" width=\"42\" height=\"42\" src=\"http:\/\/camanducci.com.br\/wp-content\/uploads\/2020\/09\/training.png\" alt=\"\" class=\"wp-image-25433\" style=\"width:42px;height:auto\"\/><\/figure>\n\n\n\n<h3 class=\"wp-block-heading has-text-align-center\">AWS, GCP, Azure<\/h3>\n\n\n\n<p class=\"has-text-align-center\">Arquitetura e implementa\u00e7\u00e3o de infraestrutura de nuvem.<\/p>\n<\/div>\n<\/div>\n\n\n\n<div class=\"wp-block-column is-vertically-aligned-center is-layout-flow wp-block-column-is-layout-flow\">\n<div class=\"wp-block-group is-layout-flow wp-block-group-is-layout-flow\">\n<figure class=\"wp-block-image aligncenter size-large is-style-default\"><img loading=\"lazy\" decoding=\"async\" width=\"42\" height=\"42\" src=\"http:\/\/camanducci.com.br\/wp-content\/uploads\/2020\/09\/interesting-puzzles.png\" alt=\"\" class=\"wp-image-25436\"\/><\/figure>\n\n\n\n<h3 class=\"wp-block-heading has-text-align-center\">IaC<\/h3>\n\n\n\n<p class=\"has-text-align-center\">Automa\u00e7\u00e3o de infraestrutura como c\u00f3digo com ferramentas como Terraform, Ansible, Chef.<\/p>\n<\/div>\n<\/div>\n\n\n\n<div class=\"wp-block-column is-vertically-aligned-center is-layout-flow wp-block-column-is-layout-flow\">\n<div class=\"wp-block-group is-layout-flow wp-block-group-is-layout-flow\">\n<figure class=\"wp-block-image aligncenter size-large is-style-default\"><img loading=\"lazy\" decoding=\"async\" width=\"42\" height=\"42\" src=\"http:\/\/camanducci.com.br\/wp-content\/uploads\/2020\/09\/pro-material.png\" alt=\"\" class=\"wp-image-25437\"\/><\/figure>\n\n\n\n<h3 class=\"wp-block-heading has-text-align-center\">CI\/CD<\/h3>\n\n\n\n<p class=\"has-text-align-center\">Integra\u00e7\u00e3o e entrega cont\u00ednuas com ferramentas como Jenkins, GitLab, Bitbucket.<\/p>\n<\/div>\n<\/div>\n<\/div>\n<\/div>\n\n\n\n<div class=\"wp-block-group alignfull has-background is-layout-flow wp-block-group-is-layout-flow\" style=\"background:linear-gradient(180deg,rgb(255,255,255) 0%,rgb(250,250,250) 100%)\">\n<h2 class=\"wp-block-heading has-text-align-center\">Processo de Desenvolvimento \u00c1gil<\/h2>\n\n\n\n<p class=\"has-text-align-center\">Na nossa consultoria, adotamos abordagens \u00e1geis, como o Scrum, para garantir uma entrega r\u00e1pida e adapt\u00e1vel de projetos de software.<\/p>\n<\/div>\n","protected":false},"excerpt":{"rendered":"<p>AWS, GCP, Azure Arquitetura e implementa\u00e7\u00e3o de infraestrutura de nuvem. IaC Automa\u00e7\u00e3o de infraestrutura como c\u00f3digo com ferramentas como Terraform, Ansible, Chef. CI\/CD Integra\u00e7\u00e3o e entrega cont\u00ednuas com ferramentas como Jenkins, GitLab, Bitbucket. Processo de Desenvolvimento \u00c1gil Na nossa consultoria, adotamos abordagens \u00e1geis, como o Scrum, para garantir uma entrega r\u00e1pida e adapt\u00e1vel de projetos [&hellip;]<\/p>\n","protected":false},"author":1,"featured_media":0,"parent":0,"menu_order":0,"comment_status":"closed","ping_status":"closed","template":"","meta":{"om_disable_all_campaigns":true,"_monsterinsights_skip_tracking":false,"_monsterinsights_sitenote_active":false,"_monsterinsights_sitenote_note":"","_monsterinsights_sitenote_category":0,"site-sidebar-layout":"no-sidebar","site-content-layout":"plain-container","ast-site-content-layout":"default","site-content-style":"default","site-sidebar-style":"default","ast-global-header-display":"","ast-banner-title-visibility":"","ast-main-header-display":"","ast-hfb-above-header-display":"","ast-hfb-below-header-display":"","ast-hfb-mobile-header-display":"","site-post-title":"disabled","ast-breadcrumbs-content":"","ast-featured-img":"disabled","footer-sml-layout":"","ast-disable-related-posts":"","theme-transparent-header-meta":"enabled","adv-header-id-meta":"","stick-header-meta":"","header-above-stick-meta":"","header-main-stick-meta":"","header-below-stick-meta":"","astra-migrate-meta-layouts":"default","ast-page-background-enabled":"default","ast-page-background-meta":{"desktop":{"background-color":"","background-image":"","background-repeat":"repeat","background-position":"center center","background-size":"auto","background-attachment":"scroll","background-type":"","background-media":"","overlay-type":"","overlay-color":"","overlay-opacity":"","overlay-gradient":""},"tablet":{"background-color":"","background-image":"","background-repeat":"repeat","background-position":"center center","background-size":"auto","background-attachment":"scroll","background-type":"","background-media":"","overlay-type":"","overlay-color":"","overlay-opacity":"","overlay-gradient":""},"mobile":{"background-color":"","background-image":"","background-repeat":"repeat","background-position":"center center","background-size":"auto","background-attachment":"scroll","background-type":"","background-media":"","overlay-type":"","overlay-color":"","overlay-opacity":"","overlay-gradient":""}},"ast-content-background-meta":{"desktop":{"background-color":"var(--ast-global-color-5)","background-image":"","background-repeat":"repeat","background-position":"center center","background-size":"auto","background-attachment":"scroll","background-type":"","background-media":"","overlay-type":"","overlay-color":"","overlay-opacity":"","overlay-gradient":""},"tablet":{"background-color":"var(--ast-global-color-5)","background-image":"","background-repeat":"repeat","background-position":"center center","background-size":"auto","background-attachment":"scroll","background-type":"","background-media":"","overlay-type":"","overlay-color":"","overlay-opacity":"","overlay-gradient":""},"mobile":{"background-color":"var(--ast-global-color-5)","background-image":"","background-repeat":"repeat","background-position":"center center","background-size":"auto","background-attachment":"scroll","background-type":"","background-media":"","overlay-type":"","overlay-color":"","overlay-opacity":"","overlay-gradient":""}},"footnotes":""},"class_list":["post-25407","page","type-page","status-publish","hentry"],"aioseo_notices":[],"_links":{"self":[{"href":"https:\/\/camanducci.com.br\/index.php?rest_route=\/wp\/v2\/pages\/25407","targetHints":{"allow":["GET"]}}],"collection":[{"href":"https:\/\/camanducci.com.br\/index.php?rest_route=\/wp\/v2\/pages"}],"about":[{"href":"https:\/\/camanducci.com.br\/index.php?rest_route=\/wp\/v2\/types\/page"}],"author":[{"embeddable":true,"href":"https:\/\/camanducci.com.br\/index.php?rest_route=\/wp\/v2\/users\/1"}],"replies":[{"embeddable":true,"href":"https:\/\/camanducci.com.br\/index.php?rest_route=%2Fwp%2Fv2%2Fcomments&post=25407"}],"version-history":[{"count":19,"href":"https:\/\/camanducci.com.br\/index.php?rest_route=\/wp\/v2\/pages\/25407\/revisions"}],"predecessor-version":[{"id":25775,"href":"https:\/\/camanducci.com.br\/index.php?rest_route=\/wp\/v2\/pages\/25407\/revisions\/25775"}],"wp:attachment":[{"href":"https:\/\/camanducci.com.br\/index.php?rest_route=%2Fwp%2Fv2%2Fmedia&parent=25407"}],"curies":[{"name":"wp","href":"https:\/\/api.w.org\/{rel}","templated":true}]}}